{"id":3,"date":"2024-04-22T15:07:39","date_gmt":"2024-04-22T13:07:39","guid":{"rendered":"http:\/\/sdrspa-packagingflessibile.it\/?page_id=3"},"modified":"2024-06-25T16:46:03","modified_gmt":"2024-06-25T14:46:03","slug":"privacy-policy","status":"publish","type":"page","link":"https:\/\/sdrspa-packagingflessibile.it\/index.php\/privacy-policy\/","title":{"rendered":"Privacy Policy"},"content":{"rendered":"<p>[et_pb_section fb_built=&#8221;1&#8243; admin_label=&#8221;section&#8221; _builder_version=&#8221;4.16&#8243; global_colors_info=&#8221;{}&#8221;][et_pb_row admin_label=&#8221;row&#8221; _builder_version=&#8221;4.20.2&#8243; background_size=&#8221;initial&#8221; background_position=&#8221;top_left&#8221; background_repeat=&#8221;repeat&#8221; hover_enabled=&#8221;0&#8243; global_colors_info=&#8221;{}&#8221; custom_margin=&#8221;100px||||false|false&#8221; sticky_enabled=&#8221;0&#8243;][et_pb_column type=&#8221;4_4&#8243; _builder_version=&#8221;4.16&#8243; custom_padding=&#8221;|||&#8221; global_colors_info=&#8221;{}&#8221; custom_padding__hover=&#8221;|||&#8221;][et_pb_button button_url=&#8221;https:\/\/sdrspa-packagingflessibile.it&#8221; button_text=&#8221;torna indietro&#8221; _builder_version=&#8221;4.20.2&#8243; _module_preset=&#8221;default&#8221; custom_button=&#8221;on&#8221; button_font=&#8221;Trade Gothic LT Std regular||||||||&#8221; button_icon_placement=&#8221;left&#8221; hover_enabled=&#8221;0&#8243; global_colors_info=&#8221;{}&#8221; button_icon=&#8221;&#x34;||divi||400&#8243; sticky_enabled=&#8221;0&#8243;][\/et_pb_button][et_pb_text _builder_version=&#8221;4.20.2&#8243; _module_preset=&#8221;default&#8221; locked=&#8221;off&#8221; global_colors_info=&#8221;{}&#8221;]<\/p>\n<h1><strong>PRIVACY POLICY<\/strong><\/h1>\n<p>[\/et_pb_text][et_pb_text admin_label=&#8221;Text&#8221; _builder_version=&#8221;4.20.2&#8243; text_font=&#8221;Trade Gothic LT Std regular||||||||&#8221; background_size=&#8221;initial&#8221; background_position=&#8221;top_left&#8221; background_repeat=&#8221;repeat&#8221; global_colors_info=&#8221;{}&#8221;]<\/p>\n<p><strong>VERSIONE ITALIANA<\/strong><br \/>LINK: www.sdrpack.com\/ita\/privacy-policy<\/p>\n<p><strong>INFORMATIVA SUL TRATTAMENTO DEI DATI PERSONALI AI SENSI DEGLI ARTT. 13 \u2013 14 DEL REGOLAMENTO UE 2016\/679 E CONSENSO<\/strong><br \/>Ai sensi del Regolamento UE 2016\/679 (di seguito Regolamento o &#8220;GDPR\u201d) e della normativa nazionale vigente in materia di protezione dei dati personali la presente informativa viene resa: alle\u00a0persone fisiche che operano in nome e per conto dei Clienti,\u00a0al\u00a0Cliente-stesso se persona fisica (es. ditta individuale o professionista o societ\u00e0 di persone), potenziali clienti, utenti del sito\u00a0(www.sdrpack.com),\u00a0in seguito anche\u00a0Interessati.<\/p>\n<p><strong>1.Titolare del trattamento:<\/strong><br \/><strong>SDR PACK S.p.A<\/strong>, con sede legale in via Segafredo n. 6 a Ros\u00e0 (VI), C.F. 01447990282 &#8211; P.IVA 02485550244<br \/>Tel 0424 581990, e-mail: <a href=\"mailto:info@sdrpack.com\">info@sdrpack.com<\/a><\/p>\n<p><strong>2.Tipologia dei dati trattati<\/strong><br \/><em><br \/>Dati forniti volontariamente dall\u2019utente<\/em><br \/>I dati personali trattati sono raccolti direttamente presso gli Interessati o presso l\u2019impresa per cui lavorano, in occasione delle attivit\u00e0 precontrattuali, della stipula e dell&#8217;esecuzione del contratto. Tali dati comuni sono dati anagrafici (cognome e nome, \u2026), recapiti (numero di telefono, indirizzo di posta elettronica, \u2026). Il Titolare non tratta alcun dato \u201csensibile\u201d o \u201cparticolare\u201d (cfr. art. 9 del GDPR). Il trattamento dei dati personali avviene, nel rispetto delle disposizioni previste dal GDPR e dalla Normativa Privacy vigente, mediante strumenti manuali, cartacei, informatici e telematici, anche automatizzati e secondo i principi di correttezza, liceit\u00e0 e trasparenza in modo da garantire la sicurezza e la riservatezza dei dati stessi. In particolare, il trattamento pu\u00f2 avvenire attraverso sistemi automatizzati (quali posta elettronica o altro tipo di comunicazione elettronica) e sistemi tradizionali.<br \/><em><br \/>Dati di navigazione<\/em><br \/>I sistemi informatici e le procedure software preposte al funzionamento di questo sito web acquisiscono, nel corso del loro normale esercizio, alcuni dati personali (c.d.\u00a0log files) la cui trasmissione \u00e8 implicita nell\u2019uso dei protocolli di comunicazione di Internet. Si tratta di informazione che non sono raccolte per essere associate a interessi identificati, ma che per loro stessa natura potrebbero, attraverso elaborazioni ed associazioni con dati detenuti da terzi, permettere di identificare gli utenti.<\/p>\n<p>In questa categoria di dati rientrano gli indirizzi IP o i nomi a dominio dei computer utilizzati dagli utenti, che si connettono al sito, gli indirizzi in notazione\u00a0URI (Uniform Resource Identifier)\u00a0delle risorse richieste, l&#8217;orario della richiesta, il metodo utilizzato nel sottoporre la richiesta al server, la dimensione del file ottenuto in risposta, il codice numerico indicante lo stato della risposta data dal\u00a0server\u00a0(buon fine, errore, ecc.) ed altri parametri relativi al sistema operativo e all\u2019ambiente informativo dell\u2019utente.<\/p>\n<p>Questi dati vengono utilizzati al solo fine di ricavare informazioni statistiche anonime sull\u2019uso del sito e per controllarne il corretto funzionamento. I dati potrebbero essere utilizzati per l\u2019accertamento di responsabilit\u00e0 in caso di ipotetici reati informatici ai danni del sito e potranno essere esibiti all\u2019Autorit\u00e0 Giudiziaria, qualora questa ne faccia esplicita richiesta.<\/p>\n<p>Questo sito utilizza Lead Champion, un servizio fornito da ADChange\u00a0Srl. Lead Champion raccoglie ed analizza dati riferiti a persone giuridiche, per offrire un servizio Business Lead Generation e Marketing Business Intelligence che riconosce automaticamente il nome azienda e il profilo societario dei visitatori di un sito web.<\/p>\n<p><strong>3. Finalit\u00e0, base giuridica del trattamento e obbligatoriet\u00e0 del conferimento dei dati\u00a0\u2013<\/strong><\/p>\n<p>Il Titolare\u00a0tratta i dati personali:<\/p>\n<ul>\n<li>1. per finalit\u00e0 strettamente connesse e strumentali alla gestione e all&#8217;esecuzione dei contratti con i Clienti (es. acquisizioni di informazioni preliminari alla conclusione di un contratto, erogazione dei servizi, gestione delle richieste evolutive, assistenza, \u2026) e per la gestione di offerte (preventivi). Il conferimento dei dati personali per tale finalit\u00e0 e il relativo trattamento sono necessari nella misura in cui gli Interessati ritengono necessario comunicarli per garantire l\u2019efficacia delle attivit\u00e0 precontrattuali, di erogazione e di assistenza svolte dal Titolare. Tali operazioni di trattamento non richiedono il consenso degli Interessati. La base giuridica del trattamento \u00e8 individuata nella necessit\u00e0 di stipulare o eseguire un contratto;<\/li>\n<li>2. nel caso di ditta individuale o professionista, per finalit\u00e0 di tutela del patrimonio e dei diritti del Titolare, come l\u2019acquisizione di informazioni attinenti alla solvibilit\u00e0 dello stesso o come il recupero dei crediti. I dati sono necessari per la stipula del contratto. La base giuridica del trattamento \u00e8 individuata nel legittimo interesse del Titolare e non \u00e8 richiesto il consenso;<\/li>\n<li>3. per finalit\u00e0 di marketing diretto\/indiretto (elenco esemplificativo e non esaustivo): invio di informazioni commerciali e di newsletter, comunicazione di iniziative promozionali ed eventi organizzati dal Titolare o dai suoi partner di settore.<br \/>Il conferimento dei dati personali per tali finalit\u00e0 non \u00e8 obbligatorio ed il relativo trattamento richiede il consenso degli interessati. Il mancato conferimento del consenso non incider\u00e0 sul servizio erogato ma comporter\u00e0 l\u2019impossibilit\u00e0 per il Titolare di inviare comunicazioni commerciali. La base giuridica del trattamento \u00e8 individuata nel consenso espresso.<\/li>\n<\/ul>\n<p><strong>4. Categorie di destinatari dei dati personali: i dati personali, nei limiti e con le finalit\u00e0 indicati, potranno essere comunicati o venire a conoscenza e quindi essere trattati da:<\/strong><\/p>\n<ol>\n<li>\u00a0dipendenti e consulenti del Titolare,<\/li>\n<li>agenti,<\/li>\n<li>societ\u00e0 che forniscono servizi informatici (gestione siti, servizi internet),<\/li>\n<li>societ\u00e0 specializzate nei dati attinenti al marketing, \u2026),<\/li>\n<li>spedizionieri o vettori per la merce da consegnare;<\/li>\n<li>societ\u00e0 specializzate in sistemi di informazioni sulla solvibilit\u00e0 dei Clienti, societ\u00e0 e\/o professionisti per il recupero dei crediti;<\/li>\n<li>produttori della merce fornita dal Titolare;<\/li>\n<li>professionisti e consulenti (es. avvocati, collegio sindacale, societ\u00e0 di revisione o revisori dei conti),<\/li>\n<li>soggetti che possono accedere ai dati in forza di disposizione di legge, o di normativa comunitaria, nei limiti previsti dalla legge.<br \/>L\u2019elenco completo dei destinatari \u00e8 disponibile presso la sede del Titolare o pu\u00f2 essere ad esso richiesto via e-mail.<\/li>\n<\/ol>\n<p><strong>5. Periodo di conservazione dei dati:<\/strong><br \/>i dati personali in oggetto vengono trattati per tutta la durata della relazione commerciale o commerciale e anche successivamente per massimo 10 anni; per la finalit\u00e0 di marketing non basate sul legittimo interesse del Titolare i dati vengono trattati e conservati fino ad eventuale revoca del consenso.<br \/>I dati utilizzati per ricavare informazioni statistiche anonime sull\u2019uso del sito e per controllarne il corretto funzionamento vengono conservati per 12 mesi.<br \/>I dati utilizzati per l\u2019accertamento di responsabilit\u00e0 in caso di ipotetici reati informatici ai danni del sito e condivisi con l\u2019Autorit\u00e0 Giudiziaria (finalit\u00e0 di tutela del patrimonio e dei diritti del Titolare, nel caso di ditta individuale o professionista), verranno conservati fino al termine del relativo contenzioso, fatta salva l\u2019ulteriore conservazione eventualmente fino alla scadenza prevista da norme inderogabili di legge.<br \/>I dati trattati per finalit\u00e0 precontrattuali (es. per la gestione di offerte e preventivi, assistenza precontrattuale) sono trattati fino all\u2019eventuale opposizione dell\u2019interessato, se il Titolare valuta che il proprio interesse non prevale su quello dell\u2019opponente.<\/p>\n<p><strong>6. Trasferimento dei dati all\u2019estero:<\/strong><br \/>il trattamento \u00e8 effettuato di norma in Italia, per specifici processi aziendali i dati personali potrebbero essere trasferiti in paesi extra SEE, in tali casi la protezione dei dati \u00e8 assicurata da apposite clausole contrattuali.<br \/>Nel caso di trasferimento verso gli USA il trasferimento \u00e8 garantito dalla Decisione di adeguatezza della Commissione UE circa la normativa americana di cui alla Convenzione UE-USA denominata Trans-Atlantic Data Protection Framework.<\/p>\n<p><strong>7. Processi decisionali automatizzati:<\/strong><br \/>\u00e8 escluso qualsiasi processo decisionale automatizzato che incida su diritti degli interessati, compresa la profilazione, ad eccezione di eventuali casi di profilazione illustrati nella ns. Cookie Policy.<\/p>\n<p><strong>8. Diritti dell\u2019interessato:<\/strong><br \/>il Titolare informa che, in riferimento ai dati conferiti, Lei in qualit\u00e0 di Interessato gode dei seguenti diritti:<\/p>\n<p style=\"padding-left: 40px;\">1. di accesso ai dati ed acquisizione di una copia: ottenere dal Titolare la conferma che sia o meno in corso un trattamento dei Suoi Dati Personali e, in tal caso, ottenere l&#8217;accesso ai Dati Personali ed alle informazioni previste dall&#8217;art. 15 del RGPD, tra le quali, a titolo esemplificativo: le finalit\u00e0 del trattamento, le categorie di Dati Personali trattati, ecc.;<br \/>2. di rettifica: ottenere dal Titolare la rettifica dei Suoi Dati Personali che risultano inesatti come pure, tenuto conto delle finalit\u00e0 del trattamento, l&#8217;integrazione degli stessi, qualora risultino incompleti, fornendo adeguata documentazione;<br \/>3. di cancellazione dei dati personali: chiedere al Titolare la cancellazione dei Suoi Dati Personali, se sussiste uno dei motivi previsti dall&#8217;art. 17 del GDPR, tra cui, a titolo esemplificativo, qualora i Dati Personali non siano pi\u00f9 necessari rispetto alle finalit\u00e0 per le quali sono stati raccolti o altrimenti trattati<br \/>o qualora il consenso su cui si basa il trattamento dei Suoi Dati Personali \u00e8 stato da Lei revocato e non sussiste altra legittima motivazione per il trattamento. Il Titolare non potr\u00e0 procedere alla cancellazione dei Suoi Dati Personali qualora il loro trattamento sia necessario, ad esempio, per l&#8217;adempimento di un obbligo di legge, per l&#8217;accertamento, l&#8217;esercizio o la difesa di un diritto in sede giudiziaria;<br \/>4. di limitazione del trattamento: ottenere la limitazione del trattamento dei Suoi Dati Personali qualora ricorra una delle ipotesi previste dall&#8217;art. 18 del GDPR, tra le quali, ad esempio: la contestazione circa l&#8217;esattezza dei Suoi Dati Personali, per il periodo necessario al Titolare di effettuare le opportune verifiche; l&#8217;opposizione al trattamento, in attesa delle opportune verifiche da parte del Titolare in merito alla prevalenza dei motivi che legittimino il trattamento stesso;<br \/>5. alla portabilit\u00e0 dei dati elettronici che siano soggetti a trattamenti automatizzati: ottenere dal titolare copia dei Dati Personali da Lei forniti in un formato strutturato, di uso comune e leggibile da dispositivo automatico (esempio: computer e\/o tablet); trasmettere i Suoi Dati Personali ricevuti ad un altro soggetto, Titolare del trattamento, senza impedimenti da parte del Titolare stesso e sulla base di Sue precise autorizzazioni e indicazioni;<br \/>6. di opporsi al trattamento: bloccare il trattamento qualora questo venga effettuato per il perseguimento di un interesse legittimo del Titolare (compresa l&#8217;attivit\u00e0 di profilazione), fatto salvo che non vi siano motivi legittimi per procedere al trattamento (motivi prevalenti sugli interessi, sui diritti e sulle libert\u00e0 dell&#8217;interessato), oppure il trattamento sia necessario per l&#8217;accertamento, l&#8217;esercizio o la difesa in giudizio di un diritto;<br \/>7. di revoca del consenso al trattamento, senza pregiudizio per la liceit\u00e0 del trattamento basata sul consenso acquisito prima della revoca;<br \/>8. di proporre reclamo all&#8217;autorit\u00e0 di controllo competente: Autorit\u00e0 Garante per la Protezione dei dati personali.<\/p>\n<p style=\"padding-left: 40px;\">\n<p><strong>9. Dati di contatto: per ogni chiarimento e per esercitare i propri diritti gli interessati possono contattare il Titolare scrivendo a:<\/strong><br \/>SDR PACK SpA<br \/>Via Segafredo, 6 &#8211; 36027 Ros\u00e0 (VI)<br \/>o scrivendo un messaggio di posta elettronica a<br \/>sacchettificiodirosa@pec.it<\/p>\n<p>[\/et_pb_text][\/et_pb_column][\/et_pb_row][\/et_pb_section][et_pb_section fb_built=&#8221;1&#8243; module_id=&#8221;contatti&#8221; _builder_version=&#8221;4.20.2&#8243; _module_preset=&#8221;default&#8221; background_color=&#8221;#9d9d98&#8243; global_module=&#8221;787&#8243; collapsed=&#8221;on&#8221; global_colors_info=&#8221;{}&#8221;][et_pb_row column_structure=&#8221;1_3,2_3&#8243; _builder_version=&#8221;4.20.2&#8243; _module_preset=&#8221;default&#8221; max_width=&#8221;1240px&#8221; custom_padding=&#8221;|0px||0px|false|false&#8221; global_colors_info=&#8221;{}&#8221;][et_pb_column type=&#8221;1_3&#8243; _builder_version=&#8221;4.20.2&#8243; _module_preset=&#8221;default&#8221; custom_padding=&#8221;0px|0px|0px|0px|false|false&#8221; global_colors_info=&#8221;{}&#8221;][et_pb_image src=&#8221;http:\/\/sdrspa-packagingflessibile.it\/wp-content\/uploads\/2024\/06\/LOGO-SDR-BLACK.png&#8221; title_text=&#8221;LOGO-SDR-BLACK&#8221; align=&#8221;right&#8221; _builder_version=&#8221;4.20.2&#8243; _module_preset=&#8221;default&#8221; width=&#8221;43%&#8221; module_alignment=&#8221;left&#8221; custom_padding=&#8221;||||false|false&#8221; global_colors_info=&#8221;{}&#8221;][\/et_pb_image][et_pb_text _builder_version=&#8221;4.20.2&#8243; _module_preset=&#8221;default&#8221; text_font=&#8221;Trade Gothic LT Std regular||||||||&#8221; text_text_color=&#8221;#000000&#8243; text_line_height=&#8221;1.4em&#8221; custom_margin=&#8221;0px|0px|-23px|-10px|false|false&#8221; custom_margin_tablet=&#8221;|0px||0px|false|false&#8221; custom_margin_phone=&#8221;|||0px|false|false&#8221; custom_margin_last_edited=&#8221;on|phone&#8221; custom_padding=&#8221;0px|0px|1px|0px|false|false&#8221; global_colors_info=&#8221;{}&#8221;]<\/p>\n<p><strong>SDR PACK S.p.A.<\/strong><br \/>Via Segafredo 6<br \/>36027 Ros\u00e0 (VI) Italy<br \/><a href=\"https:\/\/www.google.it\/maps\/place\/Sacchettificio+di+Ros%C3%A0+Srl\/@45.722958,11.7745906,15z\/data=!4m5!3m4!1s0x0:0x190e6f5d98a97d11!8m2!3d45.722958!4d11.7745906?shorturl=1\" target=\"_blank\" rel=\"noopener\" title=\"vai alla mappa\">mostra posizione sulla mappa<\/a><\/p>\n<p>T. +39 0424 581990<br \/>Email: <a href=\"mailto:info@sdrpack.com\">info@sdrpack.com<\/a><\/p>\n<p>Capitale Sociale 1.000.000 \u20ac i.v.<br \/>C.F. 01447990282 &#8211; P.I. IT 02485550244<br \/>Reg. Imprese di Vicenza 014479902082<br \/>Numero REA VI-234891<\/p>\n<p><a href=\"https:\/\/sdrspa-packagingflessibile.it\/index.php\/privacy-policy\/\" target=\"_blank\" rel=\"noopener\" title=\"vai alla pagina della privacy policy\">Privacy policy<\/a>\u00a0 |\u00a0 <a href=\"https:\/\/sdrspa-packagingflessibile.it\/index.php\/informativa-cookie\/\" target=\"_blank\" rel=\"noopener\" title=\"vai alla pagina cookie policy\">Cookie policy<\/a><\/p>\n<p><strong> <\/strong><\/p>\n<p><strong><\/strong><\/p>\n<p>[\/et_pb_text][\/et_pb_column][et_pb_column type=&#8221;2_3&#8243; _builder_version=&#8221;4.20.2&#8243; _module_preset=&#8221;default&#8221; custom_padding=&#8221;|||0px|false|false&#8221; global_colors_info=&#8221;{}&#8221;][et_pb_text _builder_version=&#8221;4.20.2&#8243; _module_preset=&#8221;default&#8221; text_font=&#8221;Trade Gothic LT Std regular|600||on|||||&#8221; text_text_color=&#8221;#000000&#8243; text_font_size=&#8221;16px&#8221; global_colors_info=&#8221;{}&#8221;]<\/p>\n<p>contattaci per ulteriori informazioni<\/p>\n<p>[\/et_pb_text][dsm_contact_form_7 cf7_library=&#8221;732&#8243; input_background_color=&#8221;#FFFFFF&#8221; _builder_version=&#8221;4.20.2&#8243; _module_preset=&#8221;default&#8221; custom_button_one=&#8221;on&#8221; button_one_text_color=&#8221;#FFFFFF&#8221; button_one_bg_color=&#8221;#000000&#8243; button_one_border_color=&#8221;#000000&#8243; global_colors_info=&#8221;{}&#8221; button_one_text_color__hover_enabled=&#8221;on|hover&#8221; button_one_text_color__hover=&#8221;#FFFFFF&#8221; button_one_bg_color__hover_enabled=&#8221;on|hover&#8221; button_one_bg_color__hover=&#8221;#000000&#8243; button_one_bg_enable_color__hover=&#8221;on&#8221; button_one_border_color__hover_enabled=&#8221;on|hover&#8221; button_one_border_color__hover=&#8221;#000000&#8243;][\/dsm_contact_form_7][\/et_pb_column][\/et_pb_row][\/et_pb_section]<\/p>\n","protected":false},"excerpt":{"rendered":"<p>PRIVACY POLICYVERSIONE ITALIANALINK: www.sdrpack.com\/ita\/privacy-policy INFORMATIVA SUL TRATTAMENTO DEI DATI PERSONALI AI SENSI DEGLI ARTT. 13 \u2013 14 DEL REGOLAMENTO UE 2016\/679 E CONSENSOAi sensi del Regolamento UE 2016\/679 (di seguito Regolamento o &#8220;GDPR\u201d) e della normativa nazionale vigente in materia di protezione dei dati personali la presente informativa viene resa: alle\u00a0persone fisiche che operano in [&hellip;]<\/p>\n","protected":false},"author":1,"featured_media":0,"parent":0,"menu_order":0,"comment_status":"closed","ping_status":"open","template":"","meta":{"_et_pb_use_builder":"on","_et_pb_old_content":"<!-- wp:heading --><h2>Chi siamo<\/h2><!-- \/wp:heading --><!-- wp:paragraph --><p><strong class=\"privacy-policy-tutorial\">Testo suggerito: <\/strong>L'indirizzo del nostro sito web \u00e8: http:\/\/sdrspa-packagingflessibile.it.<\/p><!-- \/wp:paragraph --><!-- wp:heading --><h2>Commenti<\/h2><!-- \/wp:heading --><!-- wp:paragraph --><p><strong class=\"privacy-policy-tutorial\">Testo suggerito: <\/strong>Quando i visitatori lasciano commenti sul sito, raccogliamo i dati mostrati nel modulo dei commenti oltre all'indirizzo IP del visitatore e la stringa dello user agent del browser per facilitare il rilevamento dello spam.<\/p><!-- \/wp:paragraph --><!-- wp:paragraph --><p>Una stringa anonimizzata creata a partire dal tuo indirizzo email (altrimenti detta hash) pu\u00f2 essere fornita al servizio Gravatar per vedere se lo stai usando. La privacy policy del servizio Gravatar \u00e8 disponibile qui: https:\/\/automattic.com\/privacy\/. Dopo l'approvazione del tuo commento, la tua immagine del profilo \u00e8 visibile al pubblico nel contesto del tuo commento.<\/p><!-- \/wp:paragraph --><!-- wp:heading --><h2>Media<\/h2><!-- \/wp:heading --><!-- wp:paragraph --><p><strong class=\"privacy-policy-tutorial\">Testo suggerito: <\/strong>Se carichi immagini sul sito web, dovresti evitare di caricare immagini che includono i dati di posizione incorporati (EXIF GPS). I visitatori del sito web possono scaricare ed estrarre qualsiasi dato sulla posizione dalle immagini sul sito web.<\/p><!-- \/wp:paragraph --><!-- wp:heading --><h2>Cookie<\/h2><!-- \/wp:heading --><!-- wp:paragraph --><p><strong class=\"privacy-policy-tutorial\">Testo suggerito: <\/strong>Se lasci un commento sul nostro sito, puoi scegliere di salvare il tuo nome, indirizzo email e sito web nei cookie. Sono usati per la tua comodit\u00e0 in modo che tu non debba inserire nuovamente i tuoi dati quando lasci un altro commento. Questi cookie dureranno per un anno.<\/p><!-- \/wp:paragraph --><!-- wp:paragraph --><p>Se visiti la pagina di login, verr\u00e0 impostato un cookie temporaneo per determinare se il tuo browser accetta i cookie. Questo cookie non contiene dati personali e viene eliminato quando chiudi il browser.<\/p><!-- \/wp:paragraph --><!-- wp:paragraph --><p>Quando effettui l'accesso, verranno impostati diversi cookie per salvare le tue informazioni di accesso e le tue opzioni di visualizzazione dello schermo. I cookie di accesso durano due giorni mentre i cookie per le opzioni dello schermo durano un anno. Se selezioni &quot;Ricordami&quot;, il tuo accesso persister\u00e0 per due settimane. Se esci dal tuo account, i cookie di accesso verranno rimossi.<\/p><!-- \/wp:paragraph --><!-- wp:paragraph --><p>Se modifichi o pubblichi un articolo, un cookie aggiuntivo verr\u00e0 salvato nel tuo browser. Questo cookie non include dati personali, ma indica semplicemente l'ID dell'articolo appena modificato. Scade dopo 1 giorno.<\/p><!-- \/wp:paragraph --><!-- wp:heading --><h2>Contenuto incorporato da altri siti web<\/h2><!-- \/wp:heading --><!-- wp:paragraph --><p><strong class=\"privacy-policy-tutorial\">Testo suggerito: <\/strong>Gli articoli su questo sito possono includere contenuti incorporati (ad esempio video, immagini, articoli, ecc.). I contenuti incorporati da altri siti web si comportano esattamente allo stesso modo come se il visitatore avesse visitato l'altro sito web.<\/p><!-- \/wp:paragraph --><!-- wp:paragraph --><p>Questi siti web possono raccogliere dati su di te, usare cookie, integrare ulteriori tracciamenti di terze parti e monitorare l'interazione con essi, incluso il tracciamento della tua interazione con il contenuto incorporato se hai un account e sei connesso a quei siti web.<\/p><!-- \/wp:paragraph --><!-- wp:heading --><h2>Con chi condividiamo i tuoi dati<\/h2><!-- \/wp:heading --><!-- wp:paragraph --><p><strong class=\"privacy-policy-tutorial\">Testo suggerito: <\/strong>Se richiedi una reimpostazione della password, il tuo indirizzo IP verr\u00e0 incluso nell'email di reimpostazione.<\/p><!-- \/wp:paragraph --><!-- wp:heading --><h2>Per quanto tempo conserviamo i tuoi dati<\/h2><!-- \/wp:heading --><!-- wp:paragraph --><p><strong class=\"privacy-policy-tutorial\">Testo suggerito: <\/strong>Se lasci un commento, il commento e i relativi metadati vengono conservati a tempo indeterminato. \u00c8 cos\u00ec che possiamo riconoscere e approvare automaticamente eventuali commenti successivi invece di tenerli in una coda di moderazione.<\/p><!-- \/wp:paragraph --><!-- wp:paragraph --><p>Per gli utenti che si registrano sul nostro sito web (se presenti), memorizziamo anche le informazioni personali che forniscono nel loro profilo utente. Tutti gli utenti possono vedere, modificare o cancellare le loro informazioni personali in qualsiasi momento (eccetto il loro nome utente che non possono cambiare). Gli amministratori del sito web possono anche vedere e modificare queste informazioni.<\/p><!-- \/wp:paragraph --><!-- wp:heading --><h2>Quali diritti hai sui tuoi dati<\/h2><!-- \/wp:heading --><!-- wp:paragraph --><p><strong class=\"privacy-policy-tutorial\">Testo suggerito: <\/strong>Se hai un account su questo sito, o hai lasciato commenti, puoi richiedere di ricevere un file esportato dal sito con i dati personali che abbiamo su di te, compresi i dati che ci hai fornito. Puoi anche richiedere che cancelliamo tutti i dati personali che ti riguardano. Questo non include i dati che siamo obbligati a conservare per scopi amministrativi, legali o di sicurezza.<\/p><!-- \/wp:paragraph --><!-- wp:heading --><h2>Dove spediamo i tuoi dati<\/h2><!-- \/wp:heading --><!-- wp:paragraph --><p><strong class=\"privacy-policy-tutorial\">Testo suggerito: <\/strong>I commenti dei visitatori possono essere controllati attraverso un servizio di rilevamento automatico dello spam.<\/p><!-- \/wp:paragraph -->","_et_gb_content_width":"","footnotes":""},"class_list":["post-3","page","type-page","status-publish","hentry"],"jetpack_sharing_enabled":true,"_links":{"self":[{"href":"https:\/\/sdrspa-packagingflessibile.it\/index.php\/wp-json\/wp\/v2\/pages\/3","targetHints":{"allow":["GET"]}}],"collection":[{"href":"https:\/\/sdrspa-packagingflessibile.it\/index.php\/wp-json\/wp\/v2\/pages"}],"about":[{"href":"https:\/\/sdrspa-packagingflessibile.it\/index.php\/wp-json\/wp\/v2\/types\/page"}],"author":[{"embeddable":true,"href":"https:\/\/sdrspa-packagingflessibile.it\/index.php\/wp-json\/wp\/v2\/users\/1"}],"replies":[{"embeddable":true,"href":"https:\/\/sdrspa-packagingflessibile.it\/index.php\/wp-json\/wp\/v2\/comments?post=3"}],"version-history":[{"count":8,"href":"https:\/\/sdrspa-packagingflessibile.it\/index.php\/wp-json\/wp\/v2\/pages\/3\/revisions"}],"predecessor-version":[{"id":805,"href":"https:\/\/sdrspa-packagingflessibile.it\/index.php\/wp-json\/wp\/v2\/pages\/3\/revisions\/805"}],"wp:attachment":[{"href":"https:\/\/sdrspa-packagingflessibile.it\/index.php\/wp-json\/wp\/v2\/media?parent=3"}],"curies":[{"name":"wp","href":"https:\/\/api.w.org\/{rel}","templated":true}]}}